 + 58986. Give n(-63).
18
Let u(k) = -k**3 - 20*k**2 - 209*k + 15. Calculate u(0).
15
Let b(o) = -5*o**3 - 139*o**2 + 42*o - 83. Give b(-28).
-475
Let c(s) = 156691*s + 2193716. Determine c(-14).
42
Let v(a) = 2*a**3 + 32*a**2 - 27*a + 27. Give v(-17).
-92
Let i(a) = a**2 - 1394*a - 704452. Give i(-394).
20
Let l(j) = 6*j**3 - 10*j**2 - 185*j + 1199. Give l(6).
1025
Let t(g) = g**2 + 2548*g + 1548546. Give t(-1001).
-1
Let p(g) = -g**3 + 540*g**2 - 6065*g + 962378. What is p(532)?
-10
Let a(t) = -25173*t + 151121. Determine a(6).
83
Let l(q) = 31243*q + 4280300. What is l(-137)?
9
Let c(r) = -r**3 + 4*r**2 + 1356*r + 6894. Calculate c(-5).
339
Let d(s) = s**3 + 315*s**2 + 20142*s - 24292. Calculate d(-225).
8
Let g(z) = 45*z**2 + 51*z - 27. What is g(-4)?
489
Let r(s) = s**2 + 82*s + 1003. What is r(-60)?
-317
Let d(u) = -2*u**3 + 1023*u**2 - 101654*u - 155. Calculate d(135).
-20
Let q(r) = 5*r**3 - 899*r**2 - 120*r - 10819. Determine q(180).
-19
Let a(u) = 39*u**3 - 113*u**2 - 314*u - 174. Calculate a(-2).
-310
Let t(r) = -243*r + 42190. What is t(185)?
-2765
Let r(t) = -162*t**2 - 1140*t + 2859. What is r(-9)?
-3
Let l(m) = 10*m**3 - 6*m**2 - 8*m + 96. What is l(6)?
1992
Let c(x) = x**3 - 72*x**2 + 894*x - 55. Calculate c(16).
-87
Let m(l) = 4699*l + 375840. Give m(-80).
-80
Let w(j) = 7453*j - 2921566. What is w(392)?
10
Let u(l) = -1390*l**2 - 8319*l - 43. What is u(-6)?
-169
Let p(q) = 4*q**3 + 2*q**2 + 23*q - 142. What is p(0)?
-142
Let z(a) = 51714*a + 51726. What is z(-1)?
12
Let v(n) = 139517*n - 697592. Calculate v(5).
-7
Let n(a) = a**3 - 71*a**2 + 890*a + 35. Calculate n(17).
-441
Let m(d) = 5*d**2 - 2386*d + 16681. Determine m(7).
224
Let p(s) = -9*s**2 + 979*s - 8614. Calculate p(9).
-532
Let b(p) = -2*p**3 - 74*p**2 - 208*p - 607. Determine b(-34).
-471
Let z(q) = q**3 + 119*q**2 - 738*q + 1764. Give z(-125).
264
Let r(d) = d**3 + 385*d**2 - 83693*d + 3869. Give r(-540).
89
Let j(v) = 29545*v + 29564. Give j(-1).
19
Let u(h) = -h**3 + 876*h**2 - 7809*h + 5200. What is u(867)?
-2
Let q(p) = 1008*p**2 + 6058*p + 39. Calculate q(-6).
-21
Let l(t) = -t**3 - 44*t**2 - 63*t - 1169. What is l(-42)?
-2051
Let c(p) = 6733*p - 400. Determine c(0).
-400
Let g(p) = -2*p**3 + 73*p**2 + 2740*p - 10. Determine g(-23).
-79
Let b(n) = 17020*n + 3267882. Give b(-192).
42
Let o(b) = -106*b - 2849. Calculate o(-29).
225
Let k(o) = -356*o + 6289. Give k(17).
237
Let h(s) = s**3 + 34*s**2 - 45*s + 89. Give h(-35).
439
Let w(a) = -a**3 - 51*a**2 - 334*a + 1855. What is w(-42)?
7
Let m(i) = -5*i**3 + 72*i**2 + 696*i - 72. Calculate m(21).
-9
Let q(i) = -134633*i + 1346347. Give q(10).
17
Let l(k) = k**2 + 1993*k + 1669. Give l(0).
1669
Let w(p) = -1912*p + 4361. Calculate w(5).
-5199
Let i(x) = 2*x**3 + 53*x**2 + 443*x - 27. What is i(-8)?
-1203
Let h(j) = -134*j**2 + 2345*j - 873. Give h(17).
266
Let m(c) = -70*c**2 + 6462*c - 2021. Calculate m(92).
3
Let c(a) = -a**2 + 66841*a + 401094. What is c(-6)?
12
Let c(k) = -3*k**3 - 34*k**2 - 5*k + 75. Give c(-13).
985
Let x(q) = -q**3 - 12*q**2 + 1561*q + 11173. Give x(-7).
1
Let l(s) = -s**3 - 85*s**2 - 550*s - 713. Give l(-78).
-401
Let h(z) = 4*z**2 - 752*z - 7513. Calculate h(-10).
407
Let l(b) = 79431*b + 1747558. Determine l(-22).
76
Let u(v) = v**3 + 33*v**2 + 186*v + 1021. Calculate u(-29).
-1009
Let d(j) = -2*j**2 - 425*j + 33550. Calculate d(68).
-4598
Let j(b) = b**3 + 97*b**2 + 84*b + 17803. Calculate j(-98).
-33
Let d(i) = 1239*i - 28513. Determine d(23).
-16
Let y(n) = -73*n**2 + 26*n + 8. Calculate y(-3).
-727
Let g(h) = 25*h**2 + 876*h + 2407. What is g(-3)?
4
Let o(h) = -841*h - 290424. Determine o(-345).
-279
Let y(b) = -164958*b - 12536821. What is y(-76)?
-13
Let x(f) = -f**3 - 33*f**2 - 205*f + 41. What is x(-27)?
1202
Let s(a) = 2*a**3 + 178*a**2 + 454*a + 8985. What is s(-87)?
-237
Let z(r) = 2*r**3 - 177*r**2 - 96*r + 562. What is z(89)?
-61
Let o(j) = -363*j**2 + 191*j - 4. Determine o(-1).
-558
Let j(z) = 4*z**2 - 557*z + 4450. Give j(130).
-360
Let m(a) = 1861*a - 359166. Calculate m(193).
7
Let x(i) = i**2 + 2388*i + 155522. Calculate x(-67).
15
Let v(r) = 4062*r + 105611. Determine v(-26).
-1
Let p(f) = -781042*f + 3905280. Determine p(5).
70
Let m(n) = -2*n**2 + 2513*n - 2509. Give m(1).
2
Let q(i) = 6*i**3 - 2179*i**2 - 10667*i - 1833. Determine q(368).
7
Let u(t) = -33*t**2 + 3001*t - 614. Give u(91).
-796
Let m(o) = -4*o**3 + 161*o**2 - 193*o - 89. Determine m(39).
-11
Let a(g) = -9*g**2 - 6*g + 123. Calculate a(-7).
-276
Let s(d) = -188722*d + 2642113. Determine s(14).
5
Let b(d) = d**3 + 5*d**2 - 38612*d - 1198. Determine b(-199).
-4
Let t(w) = -617*w + 3511. Determine t(4).
1043
Let n(i) = -2286*i - 1435617. What is n(-628)?
-9
Let z(t) = 53*t - 2962. Calculate z(56).
6
Let q(h) = 67*h**2 - 260*h - 32. Give q(4).
0
Let y(w) = 12*w**3 + w**2 + 15*w - 95. What is y(5)?
1505
Let v(a) = -8*a**3 - 15001*a**2 + 118627*a - 3763. Calculate v(-1883).
3
Let a(v) = v**2 - 1799*v - 45596. Calculate a(-25).
4
Let y(c) = 24592*c - 663984. What is y(27)?
0
Let z(a) = -6631*a - 53052. Give z(-8).
-4
Let f(q) = -q**3 + 3179*q**2 - 56891*q - 128. What is f(18)?
-2
Let g(d) = -4*d**2 - 769*d + 7185. Determine g(9).
-60
Let p(b) = -2*b**3 - 9*b**2 + 85*b - 10. Give p(6).
-256
Let u(l) = -2755*l - 38179. What is u(-14)?
391
Let x(u) = 2*u**3 + 245*u**2 - 872*u - 62000. What is x(-124)?
0
Let s(x) = -82*x**2 - 1714*x + 160. Calculate s(-21).
-8
Let h(g) = -5160002*g + 5159998. What is h(1)?
-4
Let x(l) = -l**3 + 4*l**2 - 19843*l + 59542. Give x(3).
22
Let r(p) = -4*p**2 - 394*p + 12380. Calculate r(27).
-1174
Let y(j) = j**2 - 403*j + 39772. What is y(230)?
-18
Let x(c) = 6*c**3 + 265*c**2 + 46*c + 44. What is x(-44)?
-44
Let z(w) = -w**2 - 856*w - 97304. Determine z(-135).
31
Let w(b) = 241272*b - 4343014. Give w(18).
-118
Let n(z) = -2608*z + 3158371. What is n(1211)?
83
Let c(n) = -n**2 + 105*n + 548. Determine c(110).
-2
Let p(q) = -48*q**2 + 269*q + 1263. Calculate p(-3).
24
Let j(l) = 165*l**2 - 1638*l + 157. What is j(10)?
277
Let y(x) = 3*x**3 - 30*x**2 - 12*x - 65. What is y(13)?
1300
Let h(a) = 4*a**2 - 43*a + 215. Determine h(28).
2147
Let b(m) = 1033983*m - 25849578. Determine b(25).
-3
Let l(a) = -12*a**2 + 164*a + 2053. What is l(-8)?
-27
Let x(y) = 8969*y + 70187. What is x(-8)?
-1565
Let v(f) = -f**2 - 6665*f - 46584. Calculate v(-7).
22
Let m(n) = -24*n**3 + 65*n**2 - 148*n + 82. Give m(1).
-25
Let d(j) = -19541*j - 2852969. Calculate d(-146).
17
Let p(l) = 1038*l + 22898. What is p(-22)?
62
Let z(l) = -174252*l - 1394019. Determine z(-8).
-3
Let p(d) = 55*d**2 + 1079*d - 1084. What is p(1)?
50
Let p(a) = -a**2 - 162*a - 1781. Calculate p(-151).
-120
Let a(g) = 4*g**2 - 261*g + 3796. What is a(22)?
-10
Let a(d) = -10075*d + 50241. Give a(5).
-134
Let s(z) = -1846*z - 75673. Determine s(-41).
13
Let y(t) = 9*t**3 - 1880*t**2 - 5928*t - 1726. Calculate y(212).
-30
Let a(d) = 8*d**2 - 429*d - 1364. What is a(-3)?
-5
Let d(k) = -3*k**3 + 3*k**2 - 14010*k - 14013. Calculate d(-1).
3
Let w(y) = 5*y**3 + 397*y**2 + 95*y - 4902. Give w(-79).
75
Let m(u) = -4*u**2 + 2729*u - 215739. Give m(591).
-24
Let l(b) = 12*b**2 + 2688*b - 30988. Calculate l(-235).
32
Let g(t) = -3*t**2 - 2745*t + 79208. Give g(28).
-4
Let z(t) = 213046*t + 213036. What is z(-1)?
-10
Let s(u) = -830*u + 16953. Calculate s(20).
353
Let o(t) = -2*t**2 + 1908*t - 18984. Determine o(10).
-104
Let l(t) = 6*t**2 + 656*t - 1788. Determine l(-112).
4
Let a(d) = 2*d**3 - 188*d**2 - 585*d + 11. Determine a(97).
-280
Let n(y) = 3*y**2 - 113*y + 1714. Determine n(19).
650
Let w(z) = -1725*z - 460581. Calculate w(-267).
-6
Let c(k) = -29*k**3 - 133*k**2 + 378*k + 11. Calculate c(3).
-835
Let g(t) = 3*t**3 - 32*t**2 + 10*t - 1. Give g(13).
1312
Let g(h) = 120*h**2 - 729*h - 96. Determine g(6).
-150
Let s(a) = a**2 + 29*a - 19041. Calculate s(124).
-69
Let l(c) = -10782*c + 150944. Give l(14).
-4
Let o(a) = 79680*a + 557753. Calculate o(-7).
-7
Let s(q) = 2035*q - 18298. Give s(9).
17
Let o(a) = -32*a**2 - 1253*a + 1047. Give o(-40).
-33
Let u(w) = -1080*w - 9770. Determine u(-9).
-50
Let o(t) = 636*t - 163386. Determine o(257).
66
Let p(l) = 86*l**2 - 324*l + 74. Determine p(3).
-124
Let w(k) = 23*k + 241. Give w(27).
862